Calculate the highest common factor of q and 15.
15
Suppose 0 = 2*z - 3*z. Suppose z*w - w + 64 = 0. What is the highest common divisor of 16 and w?
16
Suppose 5*d + 3 - 498 = 0. What is the highest common factor of 11 and d?
11
Suppose 0*i = 3*i - 120. Calculate the greatest common factor of 5 and i.
5
Suppose -109*f - 429 = -112*f. What is the greatest common divisor of 26 and f?
13
Let c = 39 + -19. Let x = 40 - c. What is the greatest common divisor of 4 and x?
4
Let y(m) = -2*m**2 - 4*m - 3 + 2*m + 3*m**2. Let n be y(-2). Suppose 4*a - 3*a = 5. Calculate the highest common divisor of n and a.
5
Let q(y) = y - 4. Let l be q(3). Let x(j) = 1 - 3 + 2*j**2 + 1 - j. Let d be x(l). What is the highest common factor of 22 and d?
2
Let w = -11 + 20. Suppose -3*y - 6*o = -o + w, 4*o = -2*y - 8. Suppose 0 = v + y*v - 6. Calculate the highest common divisor of 16 and v.
2
Let i(f) = 2*f**3 - 2*f + 1. Let w be i(2). Suppose 0 = 4*s + 59 - 3. Let t be (-4)/s + (-1452)/(-14). What is the greatest common factor of w and t?
13
Let z be (-4)/((-4)/3) + 9. What is the greatest common factor of z and 120?
12
Suppose -148 = -2*b - 48. Let o = -15 + b. What is the greatest common factor of 5 and o?
5
Suppose -k - 1 = 0, 3*v + k = -2*k + 69. Suppose 96 = 5*z + 3*z. What is the highest common factor of z and v?
12
Let z be 34 - (-1 + (0 - 1)). Let u = 21 - 12. Calculate the highest common divisor of z and u.
9
Suppose 0 = -3*k - 2*k + 205. Suppose 5*a + 1 - k = 0. Calculate the highest common factor of 4 and a.
4
Let t be (6/(-8))/((-3)/132). Let g = 105 - 94. What is the greatest common divisor of t and g?
11
Suppose 4*j = j + 405. What is the highest common factor of j and 15?
15
Let k(x) = x**3 + 5*x**2 - 2*x - 4. Let b be k(-5). Let h be 17/b - 3/(-18). Calculate the highest common factor of h and 33.
3
Suppose 224 = 5*i + 44. What is the highest common divisor of i and 90?
18
Suppose -j - 4 = -22. Let q = -3 - -1. Let f = 8 + q. Calculate the greatest common factor of f and j.
6
Suppose -3*d = 3*z - 54, 25 = 4*d - 4*z - 15. What is the greatest common divisor of d and 28?
14
Let u = 4 + -2. Suppose -3*k - 2*m + 68 = 0, 4*m = -u*k - 0*m + 56. What is the greatest common factor of k and 60?
20
Let z = -44 + 156. Calculate the highest common divisor of 16 and z.
16
Let b = -75 + 246. Calculate the greatest common factor of b and 19.
19
Suppose -4*t + 9*t - 105 = 0. Let h(a) = -5*a + 39. Let w be h(-30). Calculate the greatest common factor of t and w.
21
Let l = 801 + -774. Let w = 549 + -333. What is the greatest common divisor of w and l?
27
Suppose 0 = 5*d - 2*h - 18, 8 - 1 = 3*d - 5*h. Suppose -3*m - 5*g + 14 = 0, -4*g = -4*m + 10 + 30. Let n = m - 4. What is the highest common factor of d and n?
4
Let b be -2*16/(-2)*7 + -2. Calculate the highest common factor of b and 44.
22
Let t(j) = -j**2 - 1. Let u(l) = -6*l - 2. Let f(w) = -2*t(w) + u(w). Let d be f(4). Calculate the highest common divisor of d and 56.
8
Suppose -u + 2 = -11. What is the highest common divisor of 91 and u?
13
Let g = 44 - 23. Suppose -3*w = -93 + g. Let q be 20/(-6)*(-36)/10. Calculate the greatest common divisor of w and q.
12
Let d be (-1)/2 - 484/(-8). Suppose 7*z = 2*z + d. Let c be 1 - -2 - 0/3. Calculate the highest common factor of z and c.
3
Let g(p) = p**3 - p**2 + 3*p + 4. Let w be g(2). What is the greatest common divisor of 112 and w?
14
Let j(m) = m**2 + 7*m + 5. Let y be j(-7). Suppose 0*g + y*g = 35. Suppose 4*n = 50 + 6. Calculate the greatest common factor of n and g.
7
Suppose -c + 4*c = 75. Calculate the greatest common divisor of 175 and c.
25
Let q = -36 + 57. Let r(g) = -11*g. Let x be r(4). Let d = x + 65. What is the greatest common factor of d and q?
21
Suppose -347 = -3*s + 5*v + 13, -4*v = 0. Calculate the highest common divisor of s and 24.
24
Let v be 510/21 - 12/42. What is the highest common divisor of 36 and v?
12
Let w(q) = -14*q - 1. Let z be w(-1). Suppose s + 0 = z. What is the highest common factor of 26 and s?
13
Suppose -4*z = -5*s + 413 - 114, -5*z = -4*s + 232. What is the highest common divisor of 9 and s?
9
Suppose 0 = i + 3*f + 1 + 3, 0 = -4*i - 3*f + 11. Let m = i - 7. Let b be (-2 - 0)*m/4. What is the greatest common factor of 3 and b?
1
Let u be (-1)/(-2) + 78/4. Calculate the greatest common factor of u and 30.
10
Let j be 260/8 - 2/4. Suppose -i + j = i. Calculate the greatest common factor of i and 40.
8
Suppose 0*o + 5*o = -5*v + 520, 0 = -5*o - v + 500. What is the greatest common factor of o and 11?
11
Let h = -7 - -17. Suppose -2*c + h = -20. What is the greatest common divisor of 135 and c?
15
Let b = 10 - 6. Suppose -4*q = -b, -r + 5*q + 1 - 3 = 0. What is the greatest common divisor of 3 and r?
3
Suppose 2*x - 22 + 14 = 0. What is the greatest common factor of 6 and x?
2
Let m(v) = v**3 - v**2 - 7*v + 6. Let n be m(4). Let b be 2 - (3 - (-2 + 4)). Let k be (-27 + b)*1/(-2). Calculate the greatest common divisor of k and n.
13
Suppose 3*x = -5*h + 44, 16 + 46 = 3*x - 4*h. Calculate the greatest common divisor of 2 and x.
2
Suppose m - 1 = 4*i, 3*m - 8*m - 5*i + 30 = 0. What is the greatest common factor of 40 and m?
5
Let a be -2 - 1*-4 - 0. Let z = 17 + -14. Suppose g - z*o + 2 = -0*o, 3*g = o + a. Calculate the greatest common factor of g and 11.
1
Let a(b) = 5*b. Let r be (4/6)/(6/9). Let c be a(r). Suppose 0 = -5*z + 4*g - 5, 0*g - g - 10 = -c*z. What is the highest common factor of z and 12?
3
Suppose -l + 3*l - 528 = 0. What is the greatest common divisor of l and 24?
24
Let r(y) = -y**3 + 6*y**2 + 22*y - 38. Let n be r(8). Let h = -91 - -171. What is the greatest common divisor of h and n?
10
Let i = 6 - 1. Suppose -2*c = -7*c + 25. Calculate the greatest common divisor of i and c.
5
Let l(v) = -v**3 - 5*v**2 - 7*v - 5. Let y be (2 - 2 - -1) + -5. Let k be l(y). What is the greatest common factor of 28 and k?
7
Let q(p) = p - 9. Let z be q(9). Let f be 147 - z - (4 + -1). What is the greatest common factor of 16 and f?
16
Let a(k) = -k + 6. Let r be a(-4). What is the highest common factor of r and 5?
5
Suppose -2*g = g - 18. Let d = -51 + 135. Suppose 0 = 5*v - 3*v - d. What is the greatest common divisor of g and v?
6
Let y be (6/(-9))/(-2)*15. Let w = -2 + y. Suppose -2*p = w*l + l - 14, 2*p - 8 = -l. What is the highest common divisor of 18 and l?
2
Suppose 0*i + 3*i = -2*b - 31, 30 = -3*b + i. Let h = 17 - b. Let w(q) = 2*q - 3. Let n be w(5). Calculate the highest common factor of h and n.
7
Suppose 0 = -4*p + 4*o + 212, -p + 23 = -3*o - 28. What is the highest common factor of p and 135?
27
Suppose 4*s + i = -3*i + 60, 0 = 5*s + 3*i - 73. Suppose -12*f = -15*f + 42. Calculate the greatest common factor of f and s.
14
Let k = 33 - -153. Suppose -2*m = 2*c - 60, -5*c = -4*m - k + 63. What is the greatest common factor of 3 and c?
3
Let w = -8 + 7. Let u be w/1 + 4 + 5. Let n = -2 + 4. What is the highest common divisor of n and u?
2
Let z be 7/((-2 + -1)/(12/(-4))). Suppose -4*c + 3*n + 4 = -4, -3 = c - 2*n. Let t = c + 72. Calculate the highest common factor of z and t.
7
Let h = 7 - 23. Let k be (1 + 35)*(-132)/h. What is the highest common divisor of k and 27?
27
Let y(g) = -g**3 - 4*g**2 + 7*g + 6. Suppose 2*z = -11 + 1. Let r be y(z). Let s = 7 + r. Calculate the highest common divisor of s and 33.
3
Suppose -5*a + 3*r - 75 + 494 = 0, 3*a - 261 = -3*r. Let x be ((-8)/(-12))/((-4)/(-18)). Suppose x*y = 56 - 5. What is the highest common divisor of a and y?
17
Suppose 2*h = 4*r - 16, -3*h - 2*h = -2*r. Suppose 2*q - 6 = -m, -q = 3*m - r*m - 13. What is the highest common factor of q and 20?
5
Suppose -4*n = -1 - 19. Let o = 2 + n. Suppose -5*l = 4*z - 257, 83 = 2*l - 5*z - 0*z. What is the highest common factor of o and l?
7
Suppose -8*j + 4*j - 8 = 0. Let a be 31 - (4 + 2/j). Calculate the greatest common factor of 70 and a.
14
Suppose -5*w + 3*x + 155 = 0, -2*x + 25 = 3*x. Let j = w - 26. What is the greatest common factor of 88 and j?
8
Let c be ((-15)/2)/((-6)/12). Suppose -w + c = -4*w. Let p be 13*4 + w + 3. What is the greatest common factor of 10 and p?
10
Let z(f) = -f**3 - 6*f**2 - 4*f + 12. Let c be z(-5). What is the highest common factor of c and 21?
7
Let r be 9/(1 + 2)*1. Suppose -44 = -z - 